it of 25012?
1
What is the units digit of 434?
4
What is the tens digit of 228?
2
What is the hundreds digit of 2185?
1
What is the thousands digit of 68250?
8
What is the hundreds digit of 1429?
4
What is the hundreds digit of 725?
7
What is the units digit of 1434?
4
What is the hundreds digit of 23736?
7
What is the hundreds digit of 2171?
1
What is the units digit of 744?
4
What is the tens digit of 6825?
2
What is the tens digit of 5536?
3
What is the tens digit of 73?
7
What is the hundreds digit of 23685?
6
What is the units digit of 6950?
0
What is the units digit of 39458?
8
What is the hundreds digit of 10365?
3
What is the thousands digit of 2873?
2
What is the thousands digit of 5307?
5
What is the hundreds digit of 58664?
6
What is the tens digit of 898?
9
What is the hundreds digit of 25895?
8
What is the hundreds digit of 9306?
3
What is the units digit of 2324?
4
What is the units digit of 2438?
8
What is the thousands digit of 12558?
2
What is the hundreds digit of 2439?
4
What is the thousands digit of 2289?
2
What is the units digit of 15829?
9
What is the units digit of 3691?
1
What is the ten thousands digit of 36478?
3
What is the tens digit of 46239?
3
What is the hundreds digit of 496?
4
What is the hundreds digit of 3008?
0
What is the hundreds digit of 4565?
5
What is the hundreds digit of 11444?
4
What is the units digit of 9628?
8
What is the thousands digit of 10765?
0
What is the thousands digit of 1880?
1
What is the tens digit of 355?
5
What is the tens digit of 102369?
6
What is the units digit of 9081?
1
What is the hundreds digit of 1390?
3
What is the ten thousands digit of 18645?
1
What is the hundreds digit of 27094?
0
What is the units digit of 5791?
1
What is the tens digit of 1033?
3
What is the units digit of 9624?
4
What is the units digit of 65637?
7
What is the thousands digit of 1475?
1
What is the units digit of 16946?
6
What is the hundred thousands digit of 122359?
1
What is the hundreds digit of 1294?
2
What is the units digit of 11238?
8
What is the units digit of 940?
0
What is the thousands digit of 2464?
2
What is the hundred thousands digit of 148191?
1
What is the hundreds digit of 58175?
1
What is the ten thousands digit of 15236?
1
What is the thousands digit of 118963?
8
What is the hundreds digit of 26074?
0
What is the units digit of 338?
8
What is the hundreds digit of 166959?
9
What is the hundreds digit of 4716?
7
What is the tens digit of 2057?
5
What is the hundreds digit of 18409?
4
What is the hundreds digit of 34935?
9
What is the hundreds digit of 530?
5
What is the units digit of 5508?
8
What is the units digit of 5752?
2
What is the units digit of 6109?
9
What is the tens digit of 23307?
0
What is the thousands digit of 25520?
5
What is the units digit of 4597?
7
What is the thousands digit of 2355?
2
What is the units digit of 2414?
4
What is the ten thousands digit of 22236?
2
What is the units digit of 11271?
1
What is the tens digit of 18023?
2
What is the hundreds digit of 4289?
2
What is the tens digit of 353?
5
What is the tens digit of 10013?
1
What is the tens digit of 14686?
8
What is the tens digit of 5512?
1
What is the tens digit of 599?
9
What is the units digit of 2408?
8
What is the ten thousands digit of 44435?
4
What is the thousands digit of 41801?
1
What is the thousands digit of 55386?
5
What is the units digit of 901?
1
What is the units digit of 1278?
8
What is the ten thousands digit of 40969?
4
What is the hundreds digit of 9252?
2
What is the thousands digit of 10532?
0
What is the tens digit of 55?
5
What is the ten thousands digit of 102223?
0
What is the hundreds digit of 26980?
9
What is the tens digit of 813?
1
What is the tens digit of 124?
2
What is the units digit of 1568?
8
What is the hundreds digit of 937?
9
What is the tens digit of 5792?
9
What is the tens digit of 4470?
7
What is the hundreds digit of 2505?
5
What is the units digit of 2142?
2
What is the tens digit of 1832?
3
What is the tens digit of 107357?
5
What is the hundreds digit of 881?
8
What is the thousands digit of 50838?
0
What is the tens digit of 22737?
3
What is the units digit of 2801?
1
What is the tens digit of 75364?
6
What is the thousands digit of 49777?
9
What is the thousands digit of 9230?
9
What is the tens digit of 17715?
1
What is the ten thousands digit of 66315?
6
What is the tens digit of 1544?
4
What is the tens digit of 164?
6
What is the hundreds digit of 4165?
1
What is the units digit of 11612?
2
What is the ten thousands digit of 92344?
9
What is the hundreds digit of 8768?
7
What is the hundreds digit of 153088?
0
What is the ten thousands digit of 40889?
4
What is the units digit of 14830?
0
What is the tens digit of 13694?
9
What is the units digit of 55517?
7
What is the units digit of 3342?
2
What is the hundreds digit of 27061?
0
What is the units digit of 1643?
3
What is the hundreds digit of 1633?
6
What is the ten thousands digit of 41664?
4
What is the thousands digit of 2512?
2
What is the tens digit of 10040?
4
What is the units digit of 30532?
2
What is the tens digit of 1252?
5
What is the thousands digit of 99306?
9
What is the tens digit of 2015?
1
What is the hundreds digit of 7040?
0
What is the units digit of 1360?
0
What is the tens digit of 686?
8
What is the thousands digit of 12382?
2
What is the units digit of 1127?
7
What is the units digit of 9437?
7
What is the units digit of 9627?
7
What is the tens digit of 9816?
1
What is the hundreds digit of 591?
5
What is the hundreds digit of 1724?
7
What is the tens digit of 166?
6
What is the units digit of 531?
1
What is the hundreds digit of 940?
9
What is the hundreds digit of 66260?
2
What is the units digit of 84997?
7
What is the hundreds digit of 2720?
7
What is the hundreds digit of 125735?
7
What is the tens digit of 761?
6
What is the units digit of 2037?
7
What is the units digit of 4167?
7
What is the units digit of 35591?
1
What is the units digit of 2022?
2
What is the hundreds digit of 9285?
2
What is the ten thousands digit of 40118?
4
What is the tens digit of 192?
9
What is the tens digit of 41723?
2
What is the thousands digit of 2827?
2
What is the thousands digit of 1061?
1
What is the tens digit of 31338?
3
What is the thousands digit of 1708?
1
What is the hundreds digit of 22980?
9
What is the units digit of 575?
5
What is the hundreds digit of 2671?
6
What is the hundreds digit of 1047?
0
What is the tens digit of 1163?
6
What is the units digit of 16679?
9
What is the units digit of 10748?
8
What is the hundreds digit of 43074?
0
What is the thousands digit of 57776?
7
What is the thousands digit of 11254?
1
What is the units digit of 107?
7
What is the tens digit of 561?
6
What is the units digit of 16161?
1
What is the units digit of 4?
4
What is the tens digit of 548?
4
What is the tens digit of 12833?
3
What is the thousands digit of 69587?
9
What is the units digit of 13446?
6
What is the units digit of 4000?
0
What is the tens digit of 23824?
2
What is the tens digit of 749?
4
What is the tens digit of 356?
5
What is the hundreds digit of 3238?
2
What is the tens digit of 2056?
5
What is the thousands digit of 5117?
5
What is the thousands digit of 16561?
6
What is the tens digit of 1285?
8
What is the tens digit of 88261?
6
What is the tens digit of 604?
0
What is the hundreds digit of 3694?
6
What is the hundreds digit of 279?
2
What is the ten thousands digit of 10708?
1
What is the units digit of 1171?
1
What is the units digit of 9055?
5
What is the hundreds digit of 18725?
7
What is the hundreds digit of 38623?
6
What is the tens digit of 3517?
1
What is the units digit of 1027?
7
What is the tens digit of 67718?
1
What is the hundreds digit of 3548?
5
What is the units digit of 1959?
9
What is the tens digit of 437?
3
What is the tens digit of 273?
7
What is the tens digit of 15031?
3
What is the thousands digit of 55035?
5
What is the units digit of 52340?
0
What is the thousands digit of 20489?
0
What is the hundreds digit of 48605?
6
What is the tens digit of 87503?
0
What is the tens digit of 513?
1
What is the hundreds digit of 145?
1
What is the hundreds digit of 181?
1
What is the tens digit of 6872?
7
What is the units digit 